{"id":512,"date":"2025-03-01T23:32:03","date_gmt":"2025-03-01T23:32:03","guid":{"rendered":"https:\/\/klaiber.bplaced.net\/?page_id=512"},"modified":"2026-03-22T00:24:51","modified_gmt":"2026-03-22T00:24:51","slug":"modellsegeln","status":"publish","type":"page","link":"https:\/\/smyv.de\/?page_id=512","title":{"rendered":"Modellsegeln (RC-Segeln)"},"content":{"rendered":"\n<p>Das bedeutet Segeln mit den kleinsten Booten. So klein, dass der Steuermann am Ufer steht und seine Yacht mit einer Fernsteuerung bedient. Wie bei den Gro\u00dfen gibt es auch hier die reinen Freizeitsegler und die wettkampforientierten Regattasegler.<\/p>\n\n\n\n<p>Beide Spielarten werden von uns betrieben und da die Anspr\u00fcche an das Revier nicht so hoch sind wie bei den Gro\u00dfen gibt es in B\u00f6blingen sogar zwei Reviere. Zum einen der Obere See und zum anderen das Flugfeld.<\/p>\n\n\n\n<p>Auf dem Flugfeld treffen wir uns in der Sommerzeit regelm\u00e4\u00dfig am Mittwoch Abend.<\/p>\n\n\n\n<p>Hier machen wir dann auch regelm\u00e4\u00dfig Wettfahrten oder helfen Neueinsteigern beim erlernen des Segelns.<\/p>\n\n\n\n<p>F\u00fcr die Abstimmung der Termine gibt es eine WA Gruppe. Hierzu bitte gerne Kontakt \u00fcber die unten genannte Mailadresse aufnehmen.<\/p>\n\n\n\n<p>Aus der Vielzahl von Modellen konzentrieren wir uns haupts\u00e4chlich auf die Klassen MicroMagic und RG65.<\/p>\n\n\n\n<p>Kontakt:<\/p>\n\n\n\n<p>Udo Reutter<\/p>\n\n\n\n<p>E-Mail: <a href=\"mailto:Modellbootsegeln@smyv.de\">Modellbootsegeln@smyv.de<\/a><\/p>\n\n\n\n<div style=\"height:100px\" aria-hidden=\"true\" class=\"wp-block-spacer\"><\/div>\n\n\n\n<figure class=\"wp-block-gallery has-nested-images columns-default is-cropped wp-block-gallery-1 is-layout-flex wp-block-gallery-is-layout-flex\">\n<figure class=\"wp-block-image size-large\"><a href=\"https:\/\/smyv.de\/?attachment_id=1010\"><img loading=\"lazy\" decoding=\"async\" width=\"482\" height=\"321\" data-id=\"1010\" src=\"https:\/\/smyv.de\/wp-content\/uploads\/2026\/02\/Bild3_MicorMagic.jpg\" alt=\"\" class=\"wp-image-1010\" srcset=\"https:\/\/smyv.de\/wp-content\/uploads\/2026\/02\/Bild3_MicorMagic.jpg 482w, https:\/\/smyv.de\/wp-content\/uploads\/2026\/02\/Bild3_MicorMagic-300x200.jpg 300w\" sizes=\"auto, (max-width: 482px) 100vw, 482px\" \/><\/a><figcaption class=\"wp-element-caption\">MicroMagic<\/figcaption><\/figure>\n\n\n\n<figure class=\"wp-block-image size-large\"><a href=\"https:\/\/smyv.de\/?attachment_id=1009\"><img loading=\"lazy\" decoding=\"async\" width=\"642\" height=\"361\" data-id=\"1009\" src=\"https:\/\/smyv.de\/wp-content\/uploads\/2026\/02\/Bild1RG65.png\" alt=\"\" class=\"wp-image-1009\" srcset=\"https:\/\/smyv.de\/wp-content\/uploads\/2026\/02\/Bild1RG65.png 642w, https:\/\/smyv.de\/wp-content\/uploads\/2026\/02\/Bild1RG65-300x169.png 300w\" sizes=\"auto, (max-width: 642px) 100vw, 642px\" \/><\/a><figcaption class=\"wp-element-caption\">RG 65<\/figcaption><\/figure>\n<\/figure>\n\n\n\n<div style=\"height:100px\" aria-hidden=\"true\" class=\"wp-block-spacer\"><\/div>\n\n\n\n<p><\/p>\n","protected":false},"excerpt":{"rendered":"<p>Das bedeutet Segeln mit den kleinsten Booten. So klein, dass der Steuermann am Ufer steht und seine Yacht mit einer Fernsteuerung bedient. Wie bei den Gro\u00dfen gibt es auch hier die reinen Freizeitsegler und die wettkampforientierten Regattasegler. Beide Spielarten werden von uns betrieben und da die Anspr\u00fcche an das Revier nicht so hoch sind wie &hellip; <\/p>\n<p class=\"link-more\"><a href=\"https:\/\/smyv.de\/?page_id=512\" class=\"more-link\">Mehr <span class=\"screen-reader-text\">\u00fcber &#8222;Modellsegeln (RC-Segeln)&#8220; <\/span>Lesen<\/a><\/p>\n","protected":false},"author":1,"featured_media":722,"parent":0,"menu_order":0,"comment_status":"closed","ping_status":"closed","template":"","meta":{"inspiro_hide_title":false,"footnotes":""},"class_list":["post-512","page","type-page","status-publish","has-post-thumbnail","hentry"],"jetpack_sharing_enabled":true,"_links":{"self":[{"href":"https:\/\/smyv.de\/index.php?rest_route=\/wp\/v2\/pages\/512","targetHints":{"allow":["GET"]}}],"collection":[{"href":"https:\/\/smyv.de\/index.php?rest_route=\/wp\/v2\/pages"}],"about":[{"href":"https:\/\/smyv.de\/index.php?rest_route=\/wp\/v2\/types\/page"}],"author":[{"embeddable":true,"href":"https:\/\/smyv.de\/index.php?rest_route=\/wp\/v2\/users\/1"}],"replies":[{"embeddable":true,"href":"https:\/\/smyv.de\/index.php?rest_route=%2Fwp%2Fv2%2Fcomments&post=512"}],"version-history":[{"count":5,"href":"https:\/\/smyv.de\/index.php?rest_route=\/wp\/v2\/pages\/512\/revisions"}],"predecessor-version":[{"id":1016,"href":"https:\/\/smyv.de\/index.php?rest_route=\/wp\/v2\/pages\/512\/revisions\/1016"}],"wp:featuredmedia":[{"embeddable":true,"href":"https:\/\/smyv.de\/index.php?rest_route=\/wp\/v2\/media\/722"}],"wp:attachment":[{"href":"https:\/\/smyv.de\/index.php?rest_route=%2Fwp%2Fv2%2Fmedia&parent=512"}],"curies":[{"name":"wp","href":"https:\/\/api.w.org\/{rel}","templated":true}]}}